{"id":792,"date":"2023-04-16T11:02:05","date_gmt":"2023-04-16T11:02:05","guid":{"rendered":"https:\/\/ajudaanimaisemamarante.pt\/?post_type=product&#038;p=792"},"modified":"2024-07-08T15:05:10","modified_gmt":"2024-07-08T15:05:10","slug":"roberto","status":"publish","type":"product","link":"https:\/\/ajudaanimaisemamarante.pt\/?product=roberto","title":{"rendered":"Duende"},"content":{"rendered":"<p>De seu nome Duende, este Podengo dos puros, calhou-lhe ser de feitio calmo e d\u00f3cil. V\u00ea nos seus semelhantes de 4 patas a oportunidade ideal para usufruir de grandes momentos de brincadeira. 4 anos de vida, 15 kg de pura eleg\u00e2ncia. Ideal para ado\u00e7\u00e3o, tanto se adapta a um apartamento ou a uma casa. O Duende precisa de quem o cuide. Contamos contigo?<\/p>\n","protected":false},"excerpt":{"rendered":"<p>De seu nome Duende, este Podengo dos puros, calhou-lhe ser de feitio calmo e d\u00f3cil. V\u00ea nos seus semelhantes de 4 patas a oportunidade ideal para usufruir de grandes momentos de brincadeira. 4 anos de vida, 15 kg de pura eleg\u00e2ncia. Ideal para ado\u00e7\u00e3o, tanto se adapta a um apartamento ou a uma casa. O Duende precisa de quem o&#8230;<\/p>\n","protected":false},"featured_media":1284,"template":"","meta":{"give_campaign_id":0},"product_brand":[],"product_cat":[19],"product_tag":[],"class_list":{"0":"post-792","1":"product","2":"type-product","3":"status-publish","4":"has-post-thumbnail","6":"product_cat-podengo","8":"first","9":"instock","10":"shipping-taxable","11":"product-type-simple"},"_links":{"self":[{"href":"https:\/\/ajudaanimaisemamarante.pt\/index.php?rest_route=\/wp\/v2\/product\/792","targetHints":{"allow":["GET"]}}],"collection":[{"href":"https:\/\/ajudaanimaisemamarante.pt\/index.php?rest_route=\/wp\/v2\/product"}],"about":[{"href":"https:\/\/ajudaanimaisemamarante.pt\/index.php?rest_route=\/wp\/v2\/types\/product"}],"wp:featuredmedia":[{"embeddable":true,"href":"https:\/\/ajudaanimaisemamarante.pt\/index.php?rest_route=\/wp\/v2\/media\/1284"}],"wp:attachment":[{"href":"https:\/\/ajudaanimaisemamarante.pt\/index.php?rest_route=%2Fwp%2Fv2%2Fmedia&parent=792"}],"wp:term":[{"taxonomy":"product_brand","embeddable":true,"href":"https:\/\/ajudaanimaisemamarante.pt\/index.php?rest_route=%2Fwp%2Fv2%2Fproduct_brand&post=792"},{"taxonomy":"product_cat","embeddable":true,"href":"https:\/\/ajudaanimaisemamarante.pt\/index.php?rest_route=%2Fwp%2Fv2%2Fproduct_cat&post=792"},{"taxonomy":"product_tag","embeddable":true,"href":"https:\/\/ajudaanimaisemamarante.pt\/index.php?rest_route=%2Fwp%2Fv2%2Fproduct_tag&post=792"}],"curies":[{"name":"wp","href":"https:\/\/api.w.org\/{rel}","templated":true}]}}